{"id":2094,"date":"2023-04-02T20:58:00","date_gmt":"2023-04-03T02:58:00","guid":{"rendered":"https:\/\/informe.antad.net\/2023\/?page_id=2094"},"modified":"2024-03-12T09:09:17","modified_gmt":"2024-03-12T15:09:17","slug":"institucional","status":"publish","type":"page","link":"http:\/\/informe.antad.net\/2023\/institucional\/","title":{"rendered":"Institucional"},"content":{"rendered":"<div class=\"wpb-content-wrapper\"><p>[vc_row][vc_column][vc_custom_heading text=&#8221;Misi\u00f3n&#8221; use_theme_fonts=&#8221;yes&#8221;][vc_column_text]Ser una organizaci\u00f3n de servicio que represente los intereses leg\u00edtimos de sus Asociados, promoviendo el desarrollo del comercio detallista y sus proveedores en una econom\u00eda de mercado con responsabilidad social.[\/vc_column_text][\/vc_column][\/vc_row][vc_row][vc_column][vc_custom_heading text=&#8221;Objetivos&#8221; use_theme_fonts=&#8221;yes&#8221;][vc_column_text]<\/p>\n<ul>\n<li>Promover la libre competencia leal y honesta.<\/li>\n<li>Capacitar al personal de sus Asociados para su desarrollo.<\/li>\n<li>Fomentar el intercambio de informaci\u00f3n y experiencias para mejorar la operaci\u00f3n comercial.<\/li>\n<li>Hacer eficiente la interrelaci\u00f3n de los integrantes de la cadena distributiva.<\/li>\n<li>Promover los aspectos relacionados con responsabilidad social de sus afiliados.<\/li>\n<li>Promover la cultura de respeto al medio ambiente, uso eficiente de energ\u00eda y fomento de energ\u00eda renovable.<\/li>\n<\/ul>\n<p>[\/vc_column_text][\/vc_column][\/vc_row][vc_row][vc_column][vc_custom_heading text=&#8221;Acerca de ANTAD&#8221; use_theme_fonts=&#8221;yes&#8221;][vc_column_text]Desde 1983, los Asociados de ANTAD han promovido el desarrollo del comercio detallista y sus proveedores en una econom\u00eda de mercado con responsabilidad social.<\/p>\n<p>Las Cadenas Asociadas tienen presencia en todas las ciudades ofreciendo al consumidor el beneficio de adquirir sus productos en el comercio legal, que se traduce en garant\u00eda, seguridad y buen precio.<\/p>\n<p>Al cierre 2023, la Asociaci\u00f3n se conform\u00f3 por 99 cadenas comerciales: 25 de autoservicio, 14 departamentales y 60 especializadas. En su conjunto sumaron m\u00e1s de 48 mil tiendas con m\u00e1s de 22.1 millones de metros cuadrados de superficie de venta.[\/vc_column_text][\/vc_column][\/vc_row]<\/p>\n<\/div>","protected":false},"excerpt":{"rendered":"<p>[vc_row][vc_column][vc_custom_heading text=&#8221;Misi\u00f3n&#8221; use_theme_fonts=&#8221;yes&#8221;][vc_column_text]Ser una organizaci\u00f3n de servicio que represente los intereses leg\u00edtimos de sus Asociados, promoviendo el desarrollo del comercio detallista y sus proveedores en una econom\u00eda de mercado con responsabilidad social.[\/vc_column_text][\/vc_column][\/vc_row][vc_row][vc_column][vc_custom_heading text=&#8221;Objetivos&#8221; use_theme_fonts=&#8221;yes&#8221;][vc_column_text] Promover la libre competencia leal y &hellip; <a href=\"http:\/\/informe.antad.net\/2023\/institucional\/\"><\/a><\/p>\n","protected":false},"author":1,"featured_media":0,"parent":0,"menu_order":0,"comment_status":"closed","ping_status":"closed","template":"","meta":{"footnotes":""},"class_list":["post-2094","page","type-page","status-publish","hentry"],"_links":{"self":[{"href":"http:\/\/informe.antad.net\/2023\/wp-json\/wp\/v2\/pages\/2094","targetHints":{"allow":["GET"]}}],"collection":[{"href":"http:\/\/informe.antad.net\/2023\/wp-json\/wp\/v2\/pages"}],"about":[{"href":"http:\/\/informe.antad.net\/2023\/wp-json\/wp\/v2\/types\/page"}],"author":[{"embeddable":true,"href":"http:\/\/informe.antad.net\/2023\/wp-json\/wp\/v2\/users\/1"}],"replies":[{"embeddable":true,"href":"http:\/\/informe.antad.net\/2023\/wp-json\/wp\/v2\/comments?post=2094"}],"version-history":[{"count":40,"href":"http:\/\/informe.antad.net\/2023\/wp-json\/wp\/v2\/pages\/2094\/revisions"}],"predecessor-version":[{"id":2942,"href":"http:\/\/informe.antad.net\/2023\/wp-json\/wp\/v2\/pages\/2094\/revisions\/2942"}],"wp:attachment":[{"href":"http:\/\/informe.antad.net\/2023\/wp-json\/wp\/v2\/media?parent=2094"}],"curies":[{"name":"wp","href":"https:\/\/api.w.org\/{rel}","templated":true}]}}

<div class="wpb-content-wrapper"><p>[vc_row][vc_column][vc_custom_heading text=&#8221;Misión&#8221; use_theme_fonts=&#8221;yes&#8221;][vc_column_text]Ser una organización de servicio que represente los intereses legítimos de sus Asociados, promoviendo el desarrollo del comercio detallista y sus proveedores en una economía de mercado con responsabilidad social.[/vc_column_text][/vc_column][/vc_row][vc_row][vc_column][vc_custom_heading text=&#8221;Objetivos&#8221; use_theme_fonts=&#8221;yes&#8221;][vc_column_text]</p>
<ul>
<li>Promover la libre competencia leal y honesta.</li>
<li>Capacitar al personal de sus Asociados para su desarrollo.</li>
<li>Fomentar el intercambio de información y experiencias para mejorar la operación comercial.</li>
<li>Hacer eficiente la interrelación de los integrantes de la cadena distributiva.</li>
<li>Promover los aspectos relacionados con responsabilidad social de sus afiliados.</li>
<li>Promover la cultura de respeto al medio ambiente, uso eficiente de energía y fomento de energía renovable.</li>
</ul>
<p>[/vc_column_text][/vc_column][/vc_row][vc_row][vc_column][vc_custom_heading text=&#8221;Acerca de ANTAD&#8221; use_theme_fonts=&#8221;yes&#8221;][vc_column_text]Desde 1983, los Asociados de ANTAD han promovido el desarrollo del comercio detallista y sus proveedores en una economía de mercado con responsabilidad social.</p>
<p>Las Cadenas Asociadas tienen presencia en todas las ciudades ofreciendo al consumidor el beneficio de adquirir sus productos en el comercio legal, que se traduce en garantía, seguridad y buen precio.</p>
<p>Al cierre 2023, la Asociación se conformó por 99 cadenas comerciales: 25 de autoservicio, 14 departamentales y 60 especializadas. En su conjunto sumaron más de 48 mil tiendas con más de 22.1 millones de metros cuadrados de superficie de venta.[/vc_column_text][/vc_column][/vc_row]</p>
</div>

<p>[vc_row][vc_column][vc_custom_heading text=&#8221;Misión&#8221; use_theme_fonts=&#8221;yes&#8221;][vc_column_text]Ser una organización de servicio que represente los intereses legítimos de sus Asociados, promoviendo el desarrollo del comercio detallista y sus proveedores en una economía de mercado con responsabilidad social.[/vc_column_text][/vc_column][/vc_row][vc_row][vc_column][vc_custom_heading text=&#8221;Objetivos&#8221; use_theme_fonts=&#8221;yes&#8221;][vc_column_text] Promover la libre competencia leal y &hellip; <a href="http://informe.antad.net/2023/institucional/"></a></p>
