
{"id":105,"date":"2023-03-01T22:26:21","date_gmt":"2023-03-02T04:26:21","guid":{"rendered":"https:\/\/informe.antad.net\/2024\/the-resort\/"},"modified":"2025-03-24T19:59:59","modified_gmt":"2025-03-25T01:59:59","slug":"mensaje-del-presidente","status":"publish","type":"page","link":"https:\/\/informe.antad.net\/2024\/mensaje-del-presidente\/","title":{"rendered":"Mensaje del Presidente"},"content":{"rendered":"<div class=\"wpb-content-wrapper\"><p>[vc_row][vc_column width=&#8221;1\/2&#8243;][vc_single_image image=&#8221;2985&#8243; img_size=&#8221;full&#8221; alignment=&#8221;center&#8221;][\/vc_column][vc_column width=&#8221;1\/2&#8243;][vc_column_text]Estimados Asociados,<\/p>\n<p>Estamos celebrando la 42a Edicion de EXPO ANTAD con inscripciones y asistencia record el d\u00eda de hoy. Por mi parte, cumplo 16 meses a cargo de la Presidencia Ejecutiva de ANTAD, responsabilidad que me confirieron ustedes para liderear los objetivos, la representaci\u00f3n y los valores que representa esta Asociaci\u00f3n. Misma responsabilidad que con orgullo y gratitud asum\u00ed. \u00a0Durante estas m\u00e1s de cuatro d\u00e9cadas la ANTAD ha sido y es el m\u00e1ximo representante de las cadenas de comercio detallista moderno en M\u00e9xico. \u00a0Hoy, la Asociaci\u00f3n representa a 84 cadenas comerciales a nivel nacional, a 157 marcas de comercio y a m\u00e1s de 50 mil tiendas en pr\u00e1cticamente todas las ciudades y municipios del pa\u00eds. Durante todos estos a\u00f1os, nuestros Asociados han demostrado su voluntad y su compromiso con el crecimiento econ\u00f3mico de M\u00e9xico a trav\u00e9s del desarrollo del comercio organizado formal y la generaci\u00f3n de empleo, que al d\u00eda de hoy son m\u00e1s de 920 mil puestos de trabajo formales de los cuales 53% son mujeres.[\/vc_column_text][\/vc_column][\/vc_row][vc_row][vc_column][vc_column_text]En cumplimiento a lo establecido en los estatutos de la Asociaci\u00f3n, les fue enviado por correo electr\u00f3nico el Informe Anual 2024 con las actividades y resultados alcanzados por todas las \u00e1reas y los comit\u00e9s de trabajo de la ANTAD.<\/p>\n<p>A inicios de 2024 se presentaron\u00a0al\u00a0Consejo los objetivos 2024 .\u00a0Estos 5 objetivos se definieron y aprobaron de la siguiente manera:<\/p>\n<ol>\n<li>1- Desarrollar, ejecutar y comunicar el Plan Estrat\u00e9gico 2024-2027 de la ANTAD<\/li>\n<li>2- Desarrollar un plan de transici\u00f3n pol\u00edtica 2024 consolidando relaciones con autoridades gubernamentales clave.<\/li>\n<li>3- Ordenamiento de las finanzas y contabilidad de ANTAD<\/li>\n<li>4- Aprobaci\u00f3n y establecimiento de pol\u00edticas, procedimientos y manual de comportamiento ANTAD<\/li>\n<li>5- Nueva Propuesta para afiliaci\u00f3n de Asociados, Aliados estrat\u00e9gicos y reposicionamiento ANTAD para las audiencias clave de la Asociaci\u00f3n.<\/li>\n<\/ol>\n<p>[\/vc_column_text][\/vc_column][\/vc_row]<\/p>\n<\/div>","protected":false},"excerpt":{"rendered":"<p>[vc_row][vc_column width=&#8221;1\/2&#8243;][vc_single_image image=&#8221;2985&#8243; img_size=&#8221;full&#8221; alignment=&#8221;center&#8221;][\/vc_column][vc_column width=&#8221;1\/2&#8243;][vc_column_text]Estimados Asociados, Estamos celebrando la 42a Edicion de EXPO ANTAD con inscripciones y asistencia record el d\u00eda de hoy. Por mi parte, cumplo 16 meses a cargo de la Presidencia Ejecutiva de ANTAD, responsabilidad que &hellip; <a href=\"https:\/\/informe.antad.net\/2024\/mensaje-del-presidente\/\"><\/a><\/p>\n","protected":false},"author":1,"featured_media":0,"parent":0,"menu_order":0,"comment_status":"closed","ping_status":"closed","template":"","meta":{"footnotes":""},"class_list":["post-105","page","type-page","status-publish","hentry"],"_links":{"self":[{"href":"https:\/\/informe.antad.net\/2024\/wp-json\/wp\/v2\/pages\/105","targetHints":{"allow":["GET"]}}],"collection":[{"href":"https:\/\/informe.antad.net\/2024\/wp-json\/wp\/v2\/pages"}],"about":[{"href":"https:\/\/informe.antad.net\/2024\/wp-json\/wp\/v2\/types\/page"}],"author":[{"embeddable":true,"href":"https:\/\/informe.antad.net\/2024\/wp-json\/wp\/v2\/users\/1"}],"replies":[{"embeddable":true,"href":"https:\/\/informe.antad.net\/2024\/wp-json\/wp\/v2\/comments?post=105"}],"version-history":[{"count":186,"href":"https:\/\/informe.antad.net\/2024\/wp-json\/wp\/v2\/pages\/105\/revisions"}],"predecessor-version":[{"id":2992,"href":"https:\/\/informe.antad.net\/2024\/wp-json\/wp\/v2\/pages\/105\/revisions\/2992"}],"wp:attachment":[{"href":"https:\/\/informe.antad.net\/2024\/wp-json\/wp\/v2\/media?parent=105"}],"curies":[{"name":"wp","href":"https:\/\/api.w.org\/{rel}","templated":true}]}}

<div class="wpb-content-wrapper"><p>[vc_row][vc_column width=&#8221;1/2&#8243;][vc_single_image image=&#8221;2985&#8243; img_size=&#8221;full&#8221; alignment=&#8221;center&#8221;][/vc_column][vc_column width=&#8221;1/2&#8243;][vc_column_text]Estimados Asociados,</p>
<p>Estamos celebrando la 42a Edicion de EXPO ANTAD con inscripciones y asistencia record el día de hoy. Por mi parte, cumplo 16 meses a cargo de la Presidencia Ejecutiva de ANTAD, responsabilidad que me confirieron ustedes para liderear los objetivos, la representación y los valores que representa esta Asociación. Misma responsabilidad que con orgullo y gratitud asumí.  Durante estas más de cuatro décadas la ANTAD ha sido y es el máximo representante de las cadenas de comercio detallista moderno en México.  Hoy, la Asociación representa a 84 cadenas comerciales a nivel nacional, a 157 marcas de comercio y a más de 50 mil tiendas en prácticamente todas las ciudades y municipios del país. Durante todos estos años, nuestros Asociados han demostrado su voluntad y su compromiso con el crecimiento económico de México a través del desarrollo del comercio organizado formal y la generación de empleo, que al día de hoy son más de 920 mil puestos de trabajo formales de los cuales 53% son mujeres.[/vc_column_text][/vc_column][/vc_row][vc_row][vc_column][vc_column_text]En cumplimiento a lo establecido en los estatutos de la Asociación, les fue enviado por correo electrónico el Informe Anual 2024 con las actividades y resultados alcanzados por todas las áreas y los comités de trabajo de la ANTAD.</p>
<p>A inicios de 2024 se presentaron al Consejo los objetivos 2024 . Estos 5 objetivos se definieron y aprobaron de la siguiente manera:</p>
<ol>
<li>1- Desarrollar, ejecutar y comunicar el Plan Estratégico 2024-2027 de la ANTAD</li>
<li>2- Desarrollar un plan de transición política 2024 consolidando relaciones con autoridades gubernamentales clave.</li>
<li>3- Ordenamiento de las finanzas y contabilidad de ANTAD</li>
<li>4- Aprobación y establecimiento de políticas, procedimientos y manual de comportamiento ANTAD</li>
<li>5- Nueva Propuesta para afiliación de Asociados, Aliados estratégicos y reposicionamiento ANTAD para las audiencias clave de la Asociación.</li>
</ol>
<p>[/vc_column_text][/vc_column][/vc_row]</p>
</div>

<p>[vc_row][vc_column width=&#8221;1/2&#8243;][vc_single_image image=&#8221;2985&#8243; img_size=&#8221;full&#8221; alignment=&#8221;center&#8221;][/vc_column][vc_column width=&#8221;1/2&#8243;][vc_column_text]Estimados Asociados, Estamos celebrando la 42a Edicion de EXPO ANTAD con inscripciones y asistencia record el día de hoy. Por mi parte, cumplo 16 meses a cargo de la Presidencia Ejecutiva de ANTAD, responsabilidad que &hellip; <a href="https://informe.antad.net/2024/mensaje-del-presidente/"></a></p>
