
{"id":893,"date":"2023-03-04T21:09:21","date_gmt":"2023-03-05T03:09:21","guid":{"rendered":"https:\/\/informe.antad.net\/2024\/?page_id=893"},"modified":"2025-03-23T18:35:21","modified_gmt":"2025-03-24T00:35:21","slug":"comite-de-logistica","status":"publish","type":"page","link":"https:\/\/informe.antad.net\/2024\/comite-de-logistica\/","title":{"rendered":"Comit\u00e9 de Log\u00edstica"},"content":{"rendered":"<p>El Comit\u00e9 impulsa estrategias que fortalezcan los procesos log\u00edsticos, en la cadena de abasto y distribuci\u00f3n de las Cadenas Asociadas.<\/p>\n<p>Los desaf\u00edos para hacer llegar productos clave, as\u00ed como de primera necesidad para las familias y consumidores finales son una normalidad para los especialistas en log\u00edstica de las Cadenas Asociadas, desde un enfoque operativo, cada vez m\u00e1s personas se ven involucradas en las tareas de importaci\u00f3n, almacenamiento, transporte y distribuci\u00f3n.<\/p>\n<p>En 2024, se priorizo la reestructura, tanto de las actividades, como objetivos de trabajo del comit\u00e9, derivando en un plan de trabajo reservado, principalmente se realizaron funciones de capacitaci\u00f3n de manera digital; Se continu\u00f3 el an\u00e1lisis de las fortalezas y oportunidades, as\u00ed como las problem\u00e1ticas generales del sector, para dise\u00f1ar una estrategia global que atienda a la actual agenda en Log\u00edstica.<\/p>\n<p>Se continua con la reingenier\u00eda de los objetivos, entendimiento de la naturaleza y procesos de trabajo del Comit\u00e9, para dar paso a una comunicaci\u00f3n sobre el enfoque futuro y la figura que debe desempe\u00f1ar el grupo de trabajo.<\/p>\n<p><strong>Principales Iniciativas Desarrolladas por el Comit\u00e9:<\/strong><\/p>\n<ul>\n<li>Sondeo, b\u00fasqueda y difusi\u00f3n de padr\u00f3n de confianza &#8211; proveedores especializados.<\/li>\n<li>Programaci\u00f3n de sesiones anuales &#8211; mandos medios \u2013 calendario 2024-2025<\/li>\n<li>EXPO ANTAD 2024 &#8211; PABELLONES TECNOLOG\u00cdA Y LOG\u00cdSTICA\n<ul>\n<li>Preparaci\u00f3n de recorridos grupos, material de apoyo, apoyo staff y stands especiales<\/li>\n<li>Asistencia al programa de conferencias del Auditorio Soluciones y tecnolog\u00eda<\/li>\n<\/ul>\n<\/li>\n<li>Participaci\u00f3n y difusi\u00f3n de foros especializados:\n<ul>\n<li>Congreso Internacional de Movilidad<\/li>\n<li>INNOVATION DAY NETLOGISTIK<\/li>\n<li>LOGEX \u2013 LOGISTIC EXPERIENCE 2024<\/li>\n<li>Retail Supply Chains \u2013 Expectations and Considerations for 2024 and Beyond.<\/li>\n<\/ul>\n<\/li>\n<\/ul>\n","protected":false},"excerpt":{"rendered":"<p>El Comit\u00e9 impulsa estrategias que fortalezcan los procesos log\u00edsticos, en la cadena de abasto y distribuci\u00f3n de las Cadenas Asociadas. Los desaf\u00edos para hacer llegar productos clave, as\u00ed como de primera necesidad para las familias y consumidores finales son una &hellip; <a href=\"https:\/\/informe.antad.net\/2024\/comite-de-logistica\/\"><\/a><\/p>\n","protected":false},"author":1,"featured_media":0,"parent":0,"menu_order":0,"comment_status":"closed","ping_status":"closed","template":"","meta":{"footnotes":""},"class_list":["post-893","page","type-page","status-publish","hentry"],"_links":{"self":[{"href":"https:\/\/informe.antad.net\/2024\/wp-json\/wp\/v2\/pages\/893","targetHints":{"allow":["GET"]}}],"collection":[{"href":"https:\/\/informe.antad.net\/2024\/wp-json\/wp\/v2\/pages"}],"about":[{"href":"https:\/\/informe.antad.net\/2024\/wp-json\/wp\/v2\/types\/page"}],"author":[{"embeddable":true,"href":"https:\/\/informe.antad.net\/2024\/wp-json\/wp\/v2\/users\/1"}],"replies":[{"embeddable":true,"href":"https:\/\/informe.antad.net\/2024\/wp-json\/wp\/v2\/comments?post=893"}],"version-history":[{"count":31,"href":"https:\/\/informe.antad.net\/2024\/wp-json\/wp\/v2\/pages\/893\/revisions"}],"predecessor-version":[{"id":2963,"href":"https:\/\/informe.antad.net\/2024\/wp-json\/wp\/v2\/pages\/893\/revisions\/2963"}],"wp:attachment":[{"href":"https:\/\/informe.antad.net\/2024\/wp-json\/wp\/v2\/media?parent=893"}],"curies":[{"name":"wp","href":"https:\/\/api.w.org\/{rel}","templated":true}]}}