
{"id":975,"date":"2023-03-04T21:21:21","date_gmt":"2023-03-05T03:21:21","guid":{"rendered":"https:\/\/informe.antad.net\/2024\/?page_id=975"},"modified":"2025-03-23T16:29:44","modified_gmt":"2025-03-23T22:29:44","slug":"comunicacion","status":"publish","type":"page","link":"https:\/\/informe.antad.net\/2024\/comunicacion\/","title":{"rendered":"Comunicaci\u00f3n"},"content":{"rendered":"<p>Participamos activamente en actividades y reuniones mensuales del comit\u00e9 editorial con las \u00e1reas de comunicaci\u00f3n de los organismos que integran el Consejo Coordinador Empresarial y el Consejo de la Comunicaci\u00f3n.<\/p>\n<p>A trav\u00e9s del comit\u00e9 de comunicaci\u00f3n, se realiza el apoyo a las campa\u00f1as que genera el Consejo de la Comunicaci\u00f3n para enaltecer la labor empresarial de los organismos y asociados integrantes del CCE.<\/p>\n<p>Reafirmamos nuestro compromiso con el consejo y generamos fortaleza en la concientizaci\u00f3n y apoyo a la sociedad<\/p>\n<p>Las campa\u00f1as que se difundieron son:<\/p>\n<p><strong>\u00b7 EMPRESAS TRABAJANDO POR TI<\/strong><br \/>\nUna campa\u00f1a que enaltece la labor de las empresas y los beneficios que generan a la sociedad<\/p>\n<p><strong>\u00b7 AHORRO DE AGUA<\/strong><br \/>\nPara fortalecer una cultura del cuidado del agua<\/p>\n<p><strong>\u00b7 CREDENCIALIZACI\u00d3N<\/strong><br \/>\nInvita a la sociedad a realizar la actualizaci\u00f3n de su credencial de elector.<\/p>\n<p><strong>\u00b7 VOTO<\/strong><br \/>\nInvita a la sociedad a emitir su voto el pasado mes de junio<\/p>\n<p><strong>\u00b7 PEPE Y TO\u00d1O<\/strong><br \/>\nCamp\u00f1a dirigoda a la importancia y apoyo de PYMES<\/p>\n<p><strong>\u00b7 AFORES<\/strong><br \/>\nEn colaboraci\u00f3n AMAFORE, esta campa\u00f1a<\/p>\n<p><strong>\u00b7 INCLUSI\u00d3N<\/strong><br \/>\nCampa\u00f1a en la que se busca la concientizaci\u00f3n e intregaci\u00f3n de personas con discapacidad intelectual a las empresas<\/p>\n<p><strong>\u00b7 NO EST\u00c1 CHIDO<\/strong><br \/>\nCampa\u00f1a que concientiza y previene el consumo de alcohol y tabaco en menores de edad.<\/p>\n<p>Para Expo ANTAD, se estableci\u00f3 el Plan de Medios, promoci\u00f3n en medios impresos, radio, TV y medios electr\u00f3nicos. As\u00ed como revistas digitales a trav\u00e9s de intercambio. Tambi\u00e9n se generaron materiales para la se\u00f1alizaci\u00f3n del evento y documentos digitales para su difusi\u00f3n, previo, durante y posterior al evento.<\/p>\n<p>Tambi\u00e9n se realiz\u00f3 la difusi\u00f3n de Expo ANTAD con el apoyo del comit\u00e9 a trav\u00e9s de web de asociados y sus respectivos portales de proveedores.<\/p>\n<p><strong>ATENCI\u00d3N A MEDIOS DE COMUNICACI\u00d3N<\/strong><\/p>\n<p>Se envi\u00f3 mensualmente el Bolet\u00edn Desempe\u00f1o de Ventas de la ANTAD a medios de comunicaci\u00f3n. Asimismo, se di\u00f3 seguimiento a las menciones que televisi\u00f3n, radio, peri\u00f3dicos portales electr\u00f3nicos y prensa escrita hacen de la informaci\u00f3n emitida.<\/p>\n<p>Para temas espec\u00edficos, se programaron entrevistas de acuerdo con la agenda de la Presidencia Ejecutiva.<\/p>\n<p>Se coordinaron Conferencias de Prensa para dar a conocer informaci\u00f3n relevante del sector y para detallar sobre los eventos organizados por ANTAD, en el a\u00f1o 2024 se realizaron dos:<\/p>\n<p>\u2022 23 de enero, se presentaron los resultados 2023 y la proyecci\u00f3n para el 2024<\/p>\n<p>\u2022 11 de marzo, se realiz\u00f3 una conferencia previa a Expo ANTAD 2024<\/p>\n<p>Bolet\u00edn Electr\u00f3nico ANTAD Informa<\/p>\n<p>El Bolet\u00edn se envi\u00f3 semanalmente durante el primer semestre, a partir del segundo semestre el env\u00edo se realiza dos veces a la semana, con el fin de optimizar recursos y mantener el inter\u00e9s en el p\u00fablico lector. Se continua la comercializaci\u00f3n de banners, notas comerciales y env\u00edo de emailing a empresas interesadas en el sector.<\/p>\n<p>Retailers.mx<\/p>\n<p>Revista digital, en la que diariamente se publican notas y reportajes realizados a la cadena de abasto. Realiz\u00f3 la cobertura de los eventos de asociados, as\u00ed como propios de la asociaci\u00f3n.<\/p>\n<p>Portal ANTAD.NET<\/p>\n<p>Se realiz\u00f3 nueva estructura de portal, se actualizaron plugins y se cubrieron las necesidades de seguridad y visualizaci\u00f3n en dispositivos m\u00f3viles y de escritorio.<\/p>\n<p>La estrategia en base a SEO ha generado un incremento en visitas e inter\u00e9s por parte de p\u00fablico objetivo para la asociaci\u00f3n.<\/p>\n<p><strong>REDES SOCIALES ANTAD<\/strong><\/p>\n<p>Se construty\u00f3 una estrategia de comunicaci\u00f3n en la se busca enaltecer la labor que realizan los asociados a la sociedad, compartir sus logros y ser el medio de apoyo para difusi\u00f3n de actividades y eventos que asi lo requieran.<\/p>\n<p>Se lleva a cabo tambi\u00e9n una estrategia de marketing, en la que se busca generar inter\u00e9s por formar parte de la asociaci\u00f3n y generar comunidad.<\/p>\n<p>Portal EXPO ANTAD.COM.MX<\/p>\n<p>Se realiz\u00f3 nueva estructura, se cre\u00f3 un portal en base a las necesidades actuales de tecnolog\u00eda. Se incluyeron nuevas secciones y se mantiene al d\u00eda la informaci\u00f3n sobre el evento.<\/p>\n<p>Se crearon formularios para la creaci\u00f3n de una base de datos.<\/p>\n<p><strong>REDES SOCIALES EXPO ANTAD<\/strong><\/p>\n<p>La estrategia de las RRSS para expo ANTAD, se cre\u00f3 en base a las necesidades de la generaci\u00f3n de comunidad.<\/p>\n<p>Se considera relevante lograr dicha acci\u00f3n para fortalecer la credibilidad y el impacto para el evento, logrando as\u00ed, el inter\u00e9s de los expositores en participar en el evento.<\/p>\n<p><strong>BRANDING<\/strong><\/p>\n<p>Se dise\u00f1\u00f3 internamente la imagen de los eventos organizados por ANTAD, as\u00ed mismo, se crearon materiales tanto digitales como impresos para dichos eventos.<\/p>\n<p><strong>COMUNICACI\u00d3N INTERNA<\/strong><\/p>\n<p>Se construy\u00f3 una estrategia 360\u00ba para comunicaci\u00f3n interna, en ella se busca la fortaleza de la cultura organizacional y el sentido de pertenencia.<\/p>\n","protected":false},"excerpt":{"rendered":"<p>Participamos activamente en actividades y reuniones mensuales del comit\u00e9 editorial con las \u00e1reas de comunicaci\u00f3n de los organismos que integran el Consejo Coordinador Empresarial y el Consejo de la Comunicaci\u00f3n. A trav\u00e9s del comit\u00e9 de comunicaci\u00f3n, se realiza el apoyo &hellip; <a href=\"https:\/\/informe.antad.net\/2024\/comunicacion\/\"><\/a><\/p>\n","protected":false},"author":1,"featured_media":0,"parent":0,"menu_order":0,"comment_status":"closed","ping_status":"closed","template":"","meta":{"footnotes":""},"class_list":["post-975","page","type-page","status-publish","hentry"],"_links":{"self":[{"href":"https:\/\/informe.antad.net\/2024\/wp-json\/wp\/v2\/pages\/975","targetHints":{"allow":["GET"]}}],"collection":[{"href":"https:\/\/informe.antad.net\/2024\/wp-json\/wp\/v2\/pages"}],"about":[{"href":"https:\/\/informe.antad.net\/2024\/wp-json\/wp\/v2\/types\/page"}],"author":[{"embeddable":true,"href":"https:\/\/informe.antad.net\/2024\/wp-json\/wp\/v2\/users\/1"}],"replies":[{"embeddable":true,"href":"https:\/\/informe.antad.net\/2024\/wp-json\/wp\/v2\/comments?post=975"}],"version-history":[{"count":21,"href":"https:\/\/informe.antad.net\/2024\/wp-json\/wp\/v2\/pages\/975\/revisions"}],"predecessor-version":[{"id":2948,"href":"https:\/\/informe.antad.net\/2024\/wp-json\/wp\/v2\/pages\/975\/revisions\/2948"}],"wp:attachment":[{"href":"https:\/\/informe.antad.net\/2024\/wp-json\/wp\/v2\/media?parent=975"}],"curies":[{"name":"wp","href":"https:\/\/api.w.org\/{rel}","templated":true}]}}