
{"id":990,"date":"2023-03-04T21:22:38","date_gmt":"2023-03-05T03:22:38","guid":{"rendered":"https:\/\/informe.antad.net\/2024\/?page_id=990"},"modified":"2025-03-23T17:09:10","modified_gmt":"2025-03-23T23:09:10","slug":"membresia","status":"publish","type":"page","link":"https:\/\/informe.antad.net\/2024\/membresia\/","title":{"rendered":"Membres\u00eda"},"content":{"rendered":"<p>De acuerdo con el Plan Estrat\u00e9gico, se cuantific\u00f3 la participaci\u00f3n que tienen los Asociados en los diversos servicios que ofrece la ANTAD, se ponder\u00f3 el aprovechamiento de Estudios, Participaci\u00f3n en Comit\u00e9s, Convenciones, Directorio de Asociados, Juntas de Consejo, Asambleas, Expo ANTAD, Cursos de Capacitaci\u00f3n, Simposios y Seminarios.<\/p>\n<p>Asociados. &#8211; El \u00e1rea de Membres\u00eda tiene como principal funci\u00f3n atender las necesidades de los Asociados, es el contacto entre las Cadenas Asociadas y el staff de la ANTAD. Se recibieron diversas solicitudes a las que se les dio atenci\u00f3n oportuna, teniendo mayor incidencia aquellas concernientes al \u00e1rea de Relaciones con Gobierno, Estudios Econ\u00f3micos, Estudios de Rotaci\u00f3n de Personal, Prevenci\u00f3n de P\u00e9rdidas, Informaci\u00f3n sobre Expo ANTAD, Simposios y Asambleas.<\/p>\n<p>A la fecha se cuenta con 87 Cadenas Asociadas:<\/p>\n<p><strong>22 Autoservicio<\/strong><br \/>\n3,425 tiendas 8,584,827 m2<\/p>\n<p><strong>12 Departamentales<\/strong><br \/>\n2,635 tiendas 6,863,386 m2<\/p>\n<p><strong>53 Especializada<\/strong><br \/>\n44,494 tiendas 6,643,568 m2<\/p>\n<p>Con un total de 50,554 Tiendas y 22\u00b4091,781 m2 de piso de venta<\/p>\n<p><strong>Nuevos Asociados:\u202f<\/strong><\/p>\n<p>Durante el presente a\u00f1o se integraron las siguientes cadenas en el formato de<br \/>\nEspecializadas:<\/p>\n<ul>\n<li>Cristal Joyas<\/li>\n<\/ul>\n<p>Baja Asociados:<\/p>\n<p>Debido a diversas situaciones que algunas empresas viven actualmente decidieron darse de baja de la Asociaci\u00f3n, por as\u00ed convenir a sus intereses.<\/p>\n<ul>\n<li>Centro Comercial Cruz Azul<\/li>\n<li>Farmatodo<\/li>\n<li>Hemsa<\/li>\n<li>La Ferre<\/li>\n<li>Michel Domit<\/li>\n<li>Ofix<\/li>\n<li>S\u00faper del Norte<\/li>\n<li>Tony S\u00faper Papeler\u00edas<\/li>\n<li>S\u00faper Farmacias El F\u00e9nix<\/li>\n<li>The Home Store<\/li>\n<li>Vicky Form<\/li>\n<\/ul>\n<p><strong>Presentaciones y Visitas a Asociados<\/strong><br \/>\nCon el fin de recibir retroalimentaci\u00f3n y conocer las necesidades, as\u00ed como su opini\u00f3n sobre los servicios que brinda la Asociaci\u00f3n, se hizo contacto y se continu\u00f3 con las reuniones con nuestros Asociados. Las Cadenas a las que se les realizaron presentaciones fueron:<\/p>\n<ul>\n<li>Ben&amp;Frank<\/li>\n<li>Casa Ideas<\/li>\n<li>Cristal Joyas<\/li>\n<li>Productos de Consumo Z<\/li>\n<li>Zara<\/li>\n<\/ul>\n<p>Se presentaron trabajos y avances de proyectos que realiza la ANTAD. Hubo retroalimentaci\u00f3n sobre actividades y participaci\u00f3n en los grupos de trabajo.<\/p>\n<p><strong>Prospectos de Asociados<\/strong><\/p>\n<p>Buscando la integraci\u00f3n de nuevos Asociados cuya representatividad en el mercado puede ser ben\u00e9fica tanto para la Cadena como para la ANTAD, se tuvieron reuniones y\/o se brind\u00f3 informaci\u00f3n sobre los requisitos y los beneficios de ser Asociado a las siguientes empresas:<\/p>\n<ul>\n<li>El Rey del Dulce<\/li>\n<li>Mereglobal<\/li>\n<\/ul>\n<p><strong>Directorio de Asociados\u202f<\/strong><\/p>\n<p>Para mantener la informaci\u00f3n general de las cadenas Asociadas, se solicit\u00f3 a todos los titulares la actualizaci\u00f3n integral de su informaci\u00f3n: razones sociales vinculadas con el objeto social de ANTAD, detallando n\u00famero de tiendas\/unidades y m2, ubicaci\u00f3n a nivel estatal, nacional y por formato, cierres y aperturas.<\/p>\n<p>Esto se hace en virtud de que muchos de nuestros Asociados han abierto establecimientos, convenido fusiones, o constituido empresas (importadoras, administradoras de estacionamientos y de plazas comerciales, gasolineras, restaurantes, etc.)<\/p>\n<p>Esto trae como beneficio tener la informaci\u00f3n de Asociados organizada y actualizada.<\/p>\n<p><strong>SALESFORCE\u202f<\/strong><\/p>\n<p>Con la finalidad de incrementar la eficiencia en el servicio a los Asociados, se trabaja cotidianamente en Salesforce, programa que ayuda a gestionar todo el flujo de datos que se maneja dentro de la Asociaci\u00f3n, ofreciendo las herramientas necesarias para llevar a cabo las acciones de trabajo directamente en la web, de tal forma que la informaci\u00f3n que se recopila se almacena en la nube. El software de aplicaci\u00f3n que se utiliza para este programa est\u00e1 habilitado en cloud, permitiendo que varios usuarios accedan al mismo tiempo para que el flujo de trabajo sea mayor, siempre y cuando se tenga conexi\u00f3n a internet y se puede visibilizar toda la informaci\u00f3n desde cualquier dispositivo fijo o port\u00e1til<\/p>\n<p>Se ha realizado la gesti\u00f3n y definici\u00f3n de cuentas por integrar de Asociados, Comit\u00e9s de trabajo, no Asociados, Presidencia, Gobierno y Convenci\u00f3n y Socios Estrat\u00e9gicos.<\/p>\n<p>As\u00ed mismo la gesti\u00f3n y configuraci\u00f3n de Tiendas y Contactos, los reportes de Asociados, plantillas de correo electr\u00f3nico y an\u00e1lisis de gesti\u00f3n de oportunidades y campa\u00f1as.<\/p>\n<p>Se brind\u00f3 asesor\u00eda y apoyo para todos los usuarios de la herramienta y se da seguimiento para su uso.<\/p>\n<p>Conferencias a trav\u00e9s de la Web<\/p>\n<p>Para promover una mejor y m\u00e1s activa participaci\u00f3n de los Asociados, ANTAD ofrece un sistema de conferencias v\u00eda Internet. Por este medio se brinda la alternativa de realizar sesiones de manera remota en:<\/p>\n<ul>\n<li>10 Juntas de Consejo 2024 y 2 Asambleas<\/li>\n<li>Comit\u00e9 de An\u00e1lisis y Estudios Financieros<\/li>\n<li>Comit\u00e9 de Comercio Electr\u00f3nico<\/li>\n<li>Comit\u00e9 Comercio Exterior<\/li>\n<li>Comit\u00e9 de Comunicaci\u00f3n e Imagen<\/li>\n<li>Comit\u00e9 de Eficiencia Energ\u00e9tica<\/li>\n<li>Comit\u00e9 de Farmacias<\/li>\n<li>Comit\u00e9 Fiscal<\/li>\n<li>Comit\u00e9 de Log\u00edstica<\/li>\n<li>Comit\u00e9 de Medios de Pago<\/li>\n<li>Comit\u00e9 de Recursos Humanos<\/li>\n<li>Comit\u00e9 de Relaciones con Gobierno<\/li>\n<li>Comit\u00e9 de Seguridad<\/li>\n<li>Comit\u00e9 de Sustentabilidad<\/li>\n<li>Presentaciones y reuniones con Asociados<\/li>\n<li>Presentaciones Institucionales a prospectos de Asociados<\/li>\n<li>Presentaciones Institucionales a prospectos de Socios Estrat\u00e9gicos<\/li>\n<\/ul>\n<p>Se exploran sistemas modernos y eficientes para permitir una inmediata comunicaci\u00f3n con los Asociados.<\/p>\n<p><strong>Share Point\u202f<\/strong><\/p>\n<p>Con la finalidad de tener un mecanismo en internet para mantener la informaci\u00f3n de manera aut\u00f3noma y continua por parte de los Asociados, as\u00ed mismo es factible el acceso a informaci\u00f3n de Juntas de Consejo y Asambleas de manera mensual e hist\u00f3ricos, a trav\u00e9s de esta herramienta.<\/p>\n<p><strong>Expo ANTAD 2024<\/strong><\/p>\n<p>Programa de Compradores. &#8211; Se realiza con el objetivo de propiciar el ambiente de negocios adecuado entre los Asociados y sus proveedores promoviendo el acercamiento entre ellos. En Expo ANTAD 2024, se cont\u00f3 con la inscripci\u00f3n de 1,204 compradores registrados, de 51\/93 cadenas de tiendas asociadas, correspondiente al 86% del total ANTAD.<\/p>\n<p>Transportaci\u00f3n y Hospedaje.- Se contrataron un total 1,104 cuartos noche\/cuartos doble, con un total de 36 cortes\u00edas, cubriendo staff, compradores Asociados, conferencistas en general registrados a trav\u00e9s del operador hotelero provisto por ANTAD.<\/p>\n<p>Se realiz\u00f3 la compra de boletos de avi\u00f3n para staff, conferencistas y se contrat\u00f3 el transporte terrestre.<\/p>\n<p>Alimentos y Bebidas.- El servicio de cattering se previ\u00f3 tanto para el staff, becarios, as\u00ed como para los compradores en donde se sirvieron un total de 1,406 comidas que dieron apoyo en el evento. Servicio de desayuno en los hoteles para los compradores y staff. As\u00ed mismo se sirvi\u00f3 desayuno para la sesi\u00f3n presencial de Consejo, comida para el CCE y se realiz\u00f3 un c\u00f3ctel de bienvenida para Socios Estrat\u00e9gicos.<\/p>\n<p>Socios Estrat\u00e9gicos. &#8211; A trav\u00e9s de las sinergias realizadas con diferentes proveedores de servicios que favorezcan tanto a las cadenas Asociadas como a aquellas empresas que ofrecen sus productos, se realizan alianzas estrat\u00e9gicas\u202fcombinando lo mejor de ambas para generar operaciones m\u00e1s r\u00e1pidas, transferencia de tecnolog\u00eda, acceso a nuevos mercados, nuevos canales de distribuci\u00f3n, log\u00edstica, etc. y tener un contacto m\u00e1s directo con los miembros de ANTAD.<\/p>\n<p>Se realizaron diversas presentaciones para reforzar la relaci\u00f3n e incorporar nuevos Socios Estrat\u00e9gicos y mostrar los beneficios de pertenecer a la Asociaci\u00f3n.<\/p>\n<ul>\n<li>Aeromexico<\/li>\n<li>Aplazo<\/li>\n<li>Blueyonder<\/li>\n<li>HSBC<\/li>\n<li>Log\u00edstica de M\u00e9xico (LDM)<\/li>\n<li>Masrtercard<\/li>\n<li>Prisma Retail<\/li>\n<li>Rappi<\/li>\n<li>Uber<\/li>\n<li>Visa<\/li>\n<\/ul>\n<p>Asamblea. &#8211; Se realizaron 2 Asambleas durante el a\u00f1o mayo en Guadalajara, Jal. y noviembre en Ciudad de M\u00e9xico, en ambas se convocaron a los Asociados, Socios Estrat\u00e9gicos y se cont\u00f3 con el apoyo de patrocinadores.<\/p>\n","protected":false},"excerpt":{"rendered":"<p>De acuerdo con el Plan Estrat\u00e9gico, se cuantific\u00f3 la participaci\u00f3n que tienen los Asociados en los diversos servicios que ofrece la ANTAD, se ponder\u00f3 el aprovechamiento de Estudios, Participaci\u00f3n en Comit\u00e9s, Convenciones, Directorio de Asociados, Juntas de Consejo, Asambleas, Expo &hellip; <a href=\"https:\/\/informe.antad.net\/2024\/membresia\/\"><\/a><\/p>\n","protected":false},"author":1,"featured_media":0,"parent":0,"menu_order":0,"comment_status":"closed","ping_status":"closed","template":"","meta":{"footnotes":""},"class_list":["post-990","page","type-page","status-publish","hentry"],"_links":{"self":[{"href":"https:\/\/informe.antad.net\/2024\/wp-json\/wp\/v2\/pages\/990","targetHints":{"allow":["GET"]}}],"collection":[{"href":"https:\/\/informe.antad.net\/2024\/wp-json\/wp\/v2\/pages"}],"about":[{"href":"https:\/\/informe.antad.net\/2024\/wp-json\/wp\/v2\/types\/page"}],"author":[{"embeddable":true,"href":"https:\/\/informe.antad.net\/2024\/wp-json\/wp\/v2\/users\/1"}],"replies":[{"embeddable":true,"href":"https:\/\/informe.antad.net\/2024\/wp-json\/wp\/v2\/comments?post=990"}],"version-history":[{"count":42,"href":"https:\/\/informe.antad.net\/2024\/wp-json\/wp\/v2\/pages\/990\/revisions"}],"predecessor-version":[{"id":2956,"href":"https:\/\/informe.antad.net\/2024\/wp-json\/wp\/v2\/pages\/990\/revisions\/2956"}],"wp:attachment":[{"href":"https:\/\/informe.antad.net\/2024\/wp-json\/wp\/v2\/media?parent=990"}],"curies":[{"name":"wp","href":"https:\/\/api.w.org\/{rel}","templated":true}]}}