
{"id":3019,"date":"2026-03-25T22:31:04","date_gmt":"2026-03-26T04:31:04","guid":{"rendered":"https:\/\/informe.antad.net\/2025\/?page_id=3019"},"modified":"2026-03-25T22:31:04","modified_gmt":"2026-03-26T04:31:04","slug":"sostenibilidad","status":"publish","type":"page","link":"https:\/\/informe.antad.net\/2025\/sostenibilidad\/","title":{"rendered":"Sostenibilidad"},"content":{"rendered":"<h2><b><span data-contrast=\"none\">COMIT\u00c9 DE SOSTENIBILIDAD<\/span><\/b><span data-ccp-props=\"{&quot;134233117&quot;:false,&quot;134233118&quot;:false,&quot;201341983&quot;:2,&quot;335557856&quot;:16777215,&quot;335559738&quot;:0,&quot;335559739&quot;:0,&quot;335559740&quot;:420}\">\u00a0<\/span><\/h2>\n<p><span data-contrast=\"none\">Como parte de los avances institucionales, se realiz\u00f3 el lanzamiento oficial del Comit\u00e9 de Sostenibilidad de ANTAD, cuya primera sesi\u00f3n se dedic\u00f3 a la gesti\u00f3n eficiente del agua en el\u00a0retail.<\/span><span data-ccp-props=\"{&quot;134233117&quot;:false,&quot;134233118&quot;:false,&quot;201341983&quot;:2,&quot;335557856&quot;:16777215,&quot;335559738&quot;:0,&quot;335559739&quot;:225,&quot;335559740&quot;:420}\">\u00a0<\/span><\/p>\n<p><span data-contrast=\"none\">El encuentro ofreci\u00f3 soluciones pr\u00e1cticas para atender los principales desaf\u00edos h\u00eddricos del sector, con el respaldo de\u00a0Holland\u00a0House M\u00e9xico y la participaci\u00f3n de las empresas\u00a0Colubris\u00a0Cleantech, SOLAQ y\u00a0FieldFactors\u00a0quienes compartieron tecnolog\u00edas innovadoras y promovieron el di\u00e1logo con las cadenas asociadas.<\/span><span data-ccp-props=\"{&quot;134233117&quot;:false,&quot;134233118&quot;:false,&quot;201341983&quot;:2,&quot;335557856&quot;:16777215,&quot;335559738&quot;:0,&quot;335559739&quot;:225,&quot;335559740&quot;:420}\">\u00a0<\/span><\/p>\n<p><span data-contrast=\"none\">Se sostuvo una reuni\u00f3n con Kilo de Ayuda, y se atendieron diversos encuentros con la Fundaci\u00f3n Ver Bien, en el marco de la campa\u00f1a de redondeo Ver Bien 2025, tanto para coordinar su implementaci\u00f3n como para conocer los resultados de \u00e9sta.<\/span><span data-ccp-props=\"{&quot;134233117&quot;:false,&quot;134233118&quot;:false,&quot;201341983&quot;:2,&quot;335557856&quot;:16777215,&quot;335559738&quot;:0,&quot;335559739&quot;:225,&quot;335559740&quot;:420}\">\u00a0<\/span><\/p>\n<p><span data-contrast=\"none\">Asimismo, se llev\u00f3 a cabo una reuni\u00f3n con el\u00a0Consejero Delegado\u00a0para definir la agenda y los temas prioritarios del Comit\u00e9, y se mantuvieron reuniones con RECICLA-TIP y Tutelas, orientadas al fortalecimiento de la colaboraci\u00f3n en materia de sostenibilidad y gesti\u00f3n de residuos.<\/span><span data-ccp-props=\"{&quot;134233117&quot;:false,&quot;134233118&quot;:false,&quot;201341983&quot;:2,&quot;335557856&quot;:16777215,&quot;335559738&quot;:0,&quot;335559739&quot;:225,&quot;335559740&quot;:420}\">\u00a0<\/span><\/p>\n<p><span data-contrast=\"none\">Paralelamente, se realizaron acercamientos con expertos en sostenibilidad y organizaciones sociales, con el objetivo de explorar alianzas estrat\u00e9gicas, intercambio t\u00e9cnico y desarrollo de soluciones innovadoras aplicables al sector\u00a0retail.<\/span><span data-ccp-props=\"{&quot;134233117&quot;:false,&quot;134233118&quot;:false,&quot;201341983&quot;:2,&quot;335557856&quot;:16777215,&quot;335559738&quot;:0,&quot;335559739&quot;:225,&quot;335559740&quot;:420}\">\u00a0<\/span><\/p>\n<p><span data-contrast=\"none\">Se particip\u00f3 activamente en foros y talleres que permitieron identificar oportunidades de colaboraci\u00f3n y modelos replicables para la agenda de sostenibilidad de la ANTAD.<\/span><span data-ccp-props=\"{&quot;134233117&quot;:false,&quot;134233118&quot;:false,&quot;201341983&quot;:2,&quot;335557856&quot;:16777215,&quot;335559738&quot;:0,&quot;335559739&quot;:225,&quot;335559740&quot;:420}\">\u00a0<\/span><\/p>\n<p><span data-contrast=\"none\">Se asisti\u00f3 a una reuni\u00f3n con la Secretar\u00eda de Medio Ambiente y Recursos Naturales en la que se dio a conocer el 5o. Informe del Acuerdo Nacional para la Nueva Econom\u00eda del Pl\u00e1stico en M\u00e9xico, firmado con el Senado de la Rep\u00fablica y diversos organismos empresariales, entre ellos ANTAD.<\/span><span data-ccp-props=\"{&quot;134233117&quot;:false,&quot;134233118&quot;:false,&quot;201341983&quot;:2,&quot;335557856&quot;:16777215,&quot;335559738&quot;:0,&quot;335559739&quot;:225,&quot;335559740&quot;:420}\">\u00a0<\/span><\/p>\n<p><span data-contrast=\"none\">En el marco de la Semana de Acci\u00f3n Clim\u00e1tica M\u00e9xico 2025, se particip\u00f3 en la organizaci\u00f3n de tres conferencias realizadas en colaboraci\u00f3n con los organizadores del evento y se asisti\u00f3 a diversas ponencias y actividades desarrolladas durante dicha semana.<\/span><span data-ccp-props=\"{&quot;134233117&quot;:false,&quot;134233118&quot;:false,&quot;201341983&quot;:2,&quot;335557856&quot;:16777215,&quot;335559738&quot;:0,&quot;335559739&quot;:225,&quot;335559740&quot;:420}\">\u00a0<\/span><\/p>\n<p><span data-contrast=\"none\">Se atendieron reuniones con Banco de Alimentos y se celebr\u00f3 un convenio para promover la donaci\u00f3n de alimentos.<\/span><span data-ccp-props=\"{&quot;134233117&quot;:false,&quot;134233118&quot;:false,&quot;201341983&quot;:2,&quot;335557856&quot;:16777215,&quot;335559738&quot;:0,&quot;335559739&quot;:225,&quot;335559740&quot;:420}\">\u00a0<\/span><\/p>\n<p><span data-ccp-props=\"{}\">\u00a0<\/span><\/p>\n","protected":false},"excerpt":{"rendered":"<p>COMIT\u00c9 DE SOSTENIBILIDAD\u00a0 Como parte de los avances institucionales, se realiz\u00f3 el lanzamiento oficial del Comit\u00e9 de Sostenibilidad de ANTAD, cuya primera sesi\u00f3n se dedic\u00f3 a la gesti\u00f3n eficiente del agua en el\u00a0retail.\u00a0 El encuentro ofreci\u00f3 soluciones pr\u00e1cticas para atender &hellip; <a href=\"https:\/\/informe.antad.net\/2025\/sostenibilidad\/\"><\/a><\/p>\n","protected":false},"author":2,"featured_media":0,"parent":0,"menu_order":0,"comment_status":"closed","ping_status":"closed","template":"","meta":{"footnotes":""},"class_list":["post-3019","page","type-page","status-publish","hentry"],"_links":{"self":[{"href":"https:\/\/informe.antad.net\/2025\/wp-json\/wp\/v2\/pages\/3019","targetHints":{"allow":["GET"]}}],"collection":[{"href":"https:\/\/informe.antad.net\/2025\/wp-json\/wp\/v2\/pages"}],"about":[{"href":"https:\/\/informe.antad.net\/2025\/wp-json\/wp\/v2\/types\/page"}],"author":[{"embeddable":true,"href":"https:\/\/informe.antad.net\/2025\/wp-json\/wp\/v2\/users\/2"}],"replies":[{"embeddable":true,"href":"https:\/\/informe.antad.net\/2025\/wp-json\/wp\/v2\/comments?post=3019"}],"version-history":[{"count":1,"href":"https:\/\/informe.antad.net\/2025\/wp-json\/wp\/v2\/pages\/3019\/revisions"}],"predecessor-version":[{"id":3020,"href":"https:\/\/informe.antad.net\/2025\/wp-json\/wp\/v2\/pages\/3019\/revisions\/3020"}],"wp:attachment":[{"href":"https:\/\/informe.antad.net\/2025\/wp-json\/wp\/v2\/media?parent=3019"}],"curies":[{"name":"wp","href":"https:\/\/api.w.org\/{rel}","templated":true}]}}